 Let z be b(0). Suppose 0*m + z*m = 45. List the prime factors of m.
3
Let b be 1/(-4) - 26/(-8). Suppose 0 = -5*i - t + 18, 2*i - b*t + 4*t = 6. List the prime factors of i.
2
Let l(s) = -14*s - 1. Let h be l(2). Let b = -11 - h. List the prime factors of b.
2, 3
Let w(t) = 46*t**3 - 2*t**2 - 3*t + 3. What are the prime factors of w(1)?
2, 11
Suppose -5*o = -12 - 38. What are the prime factors of o?
2, 5
Let b be (-201)/2*2/(-3). Let d = b - 39. List the prime factors of d.
2, 7
Suppose 4*h - 20 = -6*h. What are the prime factors of h?
2
Let t be 0 + 0 - (-1 - 1). Let c(r) = r - 2. Let q be c(t). Suppose 2*g - 8 - 10 = q. List the prime factors of g.
3
Let b = -37 + 41. Let n(k) = -3 - 2*k + 2 + 3*k. List the prime factors of n(b).
3
Let n = -30 + 63. Suppose -7 - n = -2*x. List the prime factors of x.
2, 5
Let d be (-3)/12 + 34/8. Suppose 0*v + 5*v = -3*w + 40, 0 = -d*w - 2*v + 30. Suppose w*l - 60 = -5*n, -l - n + 5*n = -12. What are the prime factors of l?
2, 3
Suppose -5*m = -2*h - 300, -4*m + 227 = 5*h - 4*h. Suppose -5*n + m = -47. List the prime factors of n.
3, 7
Suppose -f = -7*f + 78. What are the prime factors of f?
13
Let l be 5*14*1 - 0. Suppose v - l = -v. Let y = -23 + v. List the prime factors of y.
2, 3
Suppose 6 = 3*h + p - 0, -16 = -h - 5*p. Let q be 3/(-6)*h*-6. Suppose -q = -4*n + 3*u, 3*n = 5*u - 2*u. List the prime factors of n.
3
Suppose 2*w - 3 = -1. Let i be (-18)/4*(w + 115). What are the prime factors of 4/(-14) - i/63?
2
Let r(s) = 7*s - 9. Let o be r(11). Suppose -o = v - 5*v. What are the prime factors of v?
17
Let s be 9*1*(-1)/(-3). Suppose -2*r - 4*z = -62, -s*r + 69 + 4 = 2*z. Suppose m - r = -2*m. What are the prime factors of m?
7
Suppose 2*s = -3*g + 27 - 11, -4*g = -s - 3. Let r = s + -2. Suppose 3*i - 3 = k + 16, -r*i + 9 = -3*k. List the prime factors of i.
2
Let y(p) = -p**2 - 12*p + 8. Let u be 1 + -2 - (10 - 2). What are the prime factors of y(u)?
5, 7
Suppose 5*c + 9 - 119 = 0. List the prime factors of c.
2, 11
Let y = -379 + 608. What are the prime factors of y?
229
Let g(r) = r**2 + 2 - 5 + 1 + 0 - 2*r. List the prime factors of g(-2).
2, 3
Let r = -5 - -9. Suppose 4*u - 2*u - 19 = -3*q, 0 = 2*u - r. Let p = 4 + q. What are the prime factors of p?
3
Suppose 6*q - 2*q - 5*x = 25, -x = 1. Suppose -80 - 30 = -q*w. Suppose 4*d = -4*n + 12, 2*n + w = d + 4*d. List the prime factors of d.
2
List the prime factors of 3/((-2)/(-136)*4).
3, 17
Let d(l) = 5*l**2 - l + 1. Suppose 0 = 3*n - 8*n + 10. List the prime factors of d(n).
19
Suppose 2*q + 1 = -v, -4*v - 24 = -q - 2. Let n(m) = -m**2 + 2*m**2 + 0 + 2. What are the prime factors of n(q)?
2, 3
Suppose 2*i = 4*i - 4. Let z = 4 - i. What are the prime factors of (-10)/(z - (1 + 2))?
2, 5
Suppose 3*q - 53 = -4*h + 183, 0 = -q - h + 79. What are the prime factors of q?
2, 5
Let o = 35 - 22. What are the prime factors of 256/26 + 2/o?
2, 5
Suppose 5*s = 5*u - 55, -5*u - 5*s = -135 + 50. What are the prime factors of 21/u + (-126)/(-4)?
3, 11
Suppose -49 = 3*u - 571. What are the prime factors of u?
2, 3, 29
Let j = 1 - -10. List the prime factors of j.
11
Suppose 4*q - 2*u - 773 = -49, -5*q + 908 = -4*u. List the prime factors of q.
2, 3, 5
Suppose -2 + 6 = -2*g - 3*w, -5*g + 28 = -2*w. What are the prime factors of g?
2
Let z(m) = m**2 - 3*m - 1. Let s be z(4). Suppose a - 3*x - 2*x = -5, -3*x = -5*a + 19. Let i = a + s. What are the prime factors of i?
2
Let j be ((-28)/(-35))/((-2)/5). What are the prime factors of j/(-6)*(18 - -3)?
7
Let x be 115/4 + 6/(-8). List the prime factors of (6 - 0)/(-2) + x.
5
Suppose 4*g = -3*w + 53, w + 4 - 40 = -3*g. Let l = g + -19. Let k = -5 - l. What are the prime factors of k?
3
Suppose 14 = 4*f - 18. What are the prime factors of (4/f)/(3/246)?
41
Suppose -r = r. Let u(c) = -c**3 + 4*c**2 - 2*c + 4. Let n be u(4). List the prime factors of n/(-2) + r + 1.
3
Suppose -23 = 5*n - 8. List the prime factors of 2 + n + 20/1.
19
Let i = -11 - -28. List the prime factors of i.
17
Suppose -3 = -a + 4*a. Let p = 24 - a. What are the prime factors of p?
5
List the prime factors of (133/(-2))/(14/(-28)).
7, 19
Suppose 5*z - 36 = -d + 9, -z - d = -5. Suppose z*b = 12*b - 16. List the prime factors of b.
2
Suppose 0 = 3*q + 15, 21 = -2*n - 4*q - q. What are the prime factors of n?
2
Suppose 2*a + 2*w + 8 = 0, -4*a + 0*w - 2*w = 20. Let o = a + 10. What are the prime factors of o?
2
Suppose 7*b - 2*b - 4*a - 225 = 0, -b = 4*a - 69. List the prime factors of b.
7
Let i be (-2 - -4)*(-108)/(-6). Suppose 6*k = 2*k + i. What are the prime factors of k?
3
Let b(v) = -5*v - 19. What are the prime factors of b(-12)?
41
Let y be -6 - 2/(2 - 0). Let i be (-1)/(-3) + 159/9. Let w = i + y. List the prime factors of w.
11
Suppose -4*y + 294 = -362. What are the prime factors of y?
2, 41
Let t = 22 + 3. Suppose n = -2*q + 73 + t, -3*q = 2*n - 149. What are the prime factors of q?
47
Let a(c) = -7*c. List the prime factors of a(-2).
2, 7
Let y(w) = 39*w**2 - w. What are the prime factors of y(-1)?
2, 5
List the prime factors of (1/3)/(656/(-660) + 1).
5, 11
List the prime factors of (-106)/(-6) - (-9)/27.
2, 3
Let n(q) = q**2 - 8*q + 4. Let a be n(8). Suppose u + a*u - 282 = 2*f, 2*u + 2*f = 110. Suppose 2*c = 6*c - u. List the prime factors of c.
2, 7
Suppose 0 = 3*h - 0*h - j + 35, 0 = -2*h + 5*j - 45. Let w = h + 90. What are the prime factors of ((-6)/5)/((-6)/w)?
2
Let u = -2 + 65. Let t = 105 - u. List the prime factors of t.
2, 3, 7
Let x(f) = f**3 + 10*f**2 + 11*f + 8. Let k be x(-9). What are the prime factors of (5 - -4)*k/(-2)?
3, 5
Suppose 3*w = 2*a + 3*a + 15, 47 = 5*w - a. List the prime factors of w.
2, 5
Let k(d) = 7*d + 1. Let r be k(-1). Let b = r - -4. List the prime factors of (3/(-6))/(b/8).
2
What are the prime factors of (-1)/2 - 11/(-2)?
5
Suppose -4*c + 2 = -3*c. Let k be -34 + 3 + (-4)/c. List the prime factors of ((-3)/3)/(3/k).
11
Suppose 5 + 7 = 3*p. Suppose -3*k + 6*k = 156. Suppose -s + p*s + 5*y - k = 0, -4*y + 47 = 3*s. List the prime factors of s.
3
Let y(q) = -2*q**2 + q + 1. Let x be y(4). What are the prime factors of (-6)/x + (-176)/(-18)?
2, 5
Suppose t - 6*t = 65. Let y(k) = k + 16. What are the prime factors of y(t)?
3
Let k(s) = -2 - 3 - 2 + s. Let m be k(4). What are the prime factors of (-1 - m) + (5 - -1)?
2
Let i be (-4)/(-2 + 3 + -2). Suppose 15 = -0*f + f + 5*s, i = 4*s. List the prime factors of 45/f - (-2)/(-4).
2
Let y = -140 - -290. List the prime factors of y.
2, 3, 5
Let s be 13 + -2 + 8/(-8). Let b(f) = -f**3 + 10*f**2 + 15. Let z(x) = 3*x**3 - 30*x**2 - 44. Let y(t) = -11*b(t) - 4*z(t). List the prime factors of y(s).
11
Suppose -2*p - 17 = 4*g + 3*p, -3*g - 3*p = 9. Suppose 6 - 20 = -g*a. List the prime factors of a.
7
Suppose -3 = -2*u - l, 4*l + 2 = 4*u - 10. What are the prime factors of u?
2
Suppose 2*n + 5*r - 59 = 0, -r - 54 = -3*n + 3*r. List the prime factors of n - ((-12)/(-4) - 3).
2, 11
Let v be (-2)/(-3 - (-7)/3). Suppose -6*y + v*y = m - 50, 2*m + 8 = 0. What are the prime factors of y?
2, 3
Suppose 9 = 5*c + 29. List the prime factors of (1*4)/((-2)/c).
2
Let g = -18 - -62. What are the prime factors of g?
2, 11
Suppose -2*p = 3*v - 27, -2*v + 7 = 2*p - 17. Let q be (-3)/(-1) + -1 - 0. Suppose q*c = 5*c - p. What are the prime factors of c?
3
Let l = 12 - -1. List the prime factors of l.
13
Suppose 3*r + 3 = -3. Let s(f) = -14*f. List the prime factors of s(r).
2, 7
Let u(z) = 30*z + 1. Let n be ((-3)/9)/((-3)/9). What are the prime factors of u(n)?
31
Let x(i) = 5*i - 2*i - 4*i. What are the prime factors of x(-10)?
2, 5
Let y = -8 + 14. Suppose -k - 3*d + 2 = 0, -y*k = -3*k - 2*d - 28. Let o = k - 4. What are the prime factors of o?
2
Suppose -4*m - 3*a = -m - 3, 3*m = 4*a + 38. Let r(j) be the second derivative of -j**3/6 + 11*j**2/2 + j. List the prime factors of r(m).
5
Suppose -2*x + 3*g - 4*g = -174, -2*g + 263 = 3*x. List the prime factors of x.
5, 17
Suppose 4*l + 0*l - 5*m - 80 = 0, -9 = -l + 4*m. Suppose h - 2*h + 4*j = 11, 5*h - 4*j = l. Let x = -4 + h. What are the prime factors of x?
5
Let a = -64 + 103. List the prime factors of a.
3, 13
Suppose 4*y = y + 300. Let h be y/15 - 2/(-6). Suppose 0 = 2*z - h*z + 55. List the prime factors of z.
11
Suppose w = 